-39?
24
4 - (18 + -3 - 9 - (-7 + -2)) - -11
0
What is the value of 12 + -21 + 23 + -4 + 6?
16
What is 27 - -1 - (18 + (95 - 64) - 52)?
31
What is the value of -72 + -35 + (1 - 5 - (11 - 4))?
-118
Evaluate 56 - (-40 - -96) - (-1 + 5) - 4.
-8
What is -181 - -138 - ((-3 - 0) + (-33 - -41))?
-48
What is the value of -3 - (-18 + 11) - (-9 + 1)?
12
Calculate 16 - (-172 - -110) - 107.
-29
Calculate (-114 - (97 - 76)) + 152.
17
Evaluate 41 + (-49 + 7 - -20) + -38.
-19
What is the value of 2 + 42 + (-260 - -78 - -53)?
-85
Evaluate -6 - (-4 - -1 - -11 - (45 - -19)).
50
What is 6 - (19 + -4) - (157 + -67 + -42)?
-57
What is the value of 10 + -6 + 20 - 7?
17
Evaluate 54 + (3 - (3 + -2)) + (13 - 19 - -9).
59
Evaluate -58 + -38 + 92 - 68.
-72
5 - (56 - 78) - (0 + (3 - 2))
26
(11 - -4) + -5 + (-62 - -45) + -52 + 2
-57
Calculate -98 + 71 + 3 + 14 - (0 - -17).
-27
What is 4 - -20 - (-100 + 95)?
29
Calculate (-7 - -20) + 0 - (-3 + -20 - -17).
19
What is (-1874 - -1897) + 14 + (-1 - -1) + 16?
53
What is the value of 71 + -22 + (-32 - -3)?
20
Calculate 4 + 4 - (-6 - (53 - (-16 + 34 + -12))).
61
Evaluate (28 + -5 + -9 - 12) + 0 + 4 + 101.
107
Calculate (-22 - 27) + 67 + -92.
-74
Evaluate 5 + (27 - -5) - (-817 - -966).
-112
Evaluate 34 + (-5 + -18 - (91 + -90)).
10
What is the value of -10 - (-7 - (4 - 6) - 3 - (-6 - -32))?
24
1123 + -1200 - (-26 - -1)
-52
What is -50 + (-1 - -1) + (6 - -41) + -61?
-64
What is (11 - 5) + (-3 - (-5 + 18))?
-10
Evaluate -8 + (-10 - (56 + -72)).
-2
Calculate 334 + (-666 - -296) - (1 - 83).
46
Calculate (20 - (4 - -26)) + (-7 - 53).
-70
Calculate (-8 - 19) + (-16 + 24 - 15).
-34
0 + -1 - (-26 + 1 + -244 + 362)
-94
Calculate 33 + 1 + (-18 + -7 - (-16 + (-8 - 5))).
38
Evaluate 15 - 16 - 18 - (1 + -30) - -34.
44
What is the value of (-16 + -17 + 25 - -48) + 31?
71
What is 0 + (-5 - (-51 - (4 - 0 - 15)))?
35
Evaluate -5 + -809 + 900 + (-6 - -12 - (-2 - 0)).
94
0 - (-26 + -49 + 46)
29
What is 29 + -25 + 66 + -5?
65
What is 3 + ((-13 - -35) + -36 - (2 - 138)) + -10?
115
Calculate (11 - (-10 - (-26 - 0)) - -22) + (-12 - 0).
5
Calculate 323 + -246 - (-1 + (3 - 1)) - (1 + 8).
67
-26 + 5 - 16 - (-12 + -3)
-22
-33 - (-31 - (67 + -130))
-65
What is (0 - 1 - -19) + (-8311 - -8290)?
-3
What is (11 - 1) + 10 + 10 + (4 - 18)?
16
What is the value of -46 + -41 + -2 - -122?
33
Calculate 14 - (18 + -29 + -11 + 16 + 5 + -1).
16
What is -49 - (24 - 59) - (39 - (2 + 0))?
-51
What is -389 - -423 - (-23 + 101)?
-44
(-1 - 1) + -4 + (-15 - (-18 - -26)) + 25
-4
Calculate 63 + 1 - (-2 + (-31 - (-34 - 22)) + -7).
48
Evaluate -88 + -2 + (119 - 104) + (0 - (0 + -1)).
-74
What is the value of (-4 + (6 - 8) - 9) + 3 - (7 - 47)?
28
What is (20 - (25 + 21) - -2) + -38?
-62
Evaluate 53 + 1 - 8 - (52 - 32).
26
37 - (-1 - -13) - 102
-77
Evaluate 982 - 1059 - (-13 - 5).
-59
Evaluate -65 + (-23 + -11 - -58).
-41
What is the value of 25 + 9 + 420 + -449?
5
What is the value of (49 - 4 - 106) + -32?
-93
45 + -1 - 32 - (-28 - -8)
32
(28 - (-77 - -131)) + (63 - 2)
35
-35 - -21 - -7 - 37
-44
What is the value of -12 + (-25 - -12) - (-3 - -22 - 4)?
-40
What is the value of -23 + -3 - ((16 - 33) + -4)?
-5
What is -90 + (35 + 80 - -11)?
36
What is (-4 - -1) + (1 + (-38 - -4) - (-129 - -129))?
-36
1 + 16 + (-10 - -22) + -12
17
What is (19 - 4) + 3 + -14 + 51 + 7?
62
Evaluate 1 + 9 + -2 + (187 - 182) + -38.
-25
Calculate -61 + 21 + -38 - -40.
-38
What is the value of 20 - ((-46 - 28 - -62) + -5 + (2 - 0))?
35
(-24 - (-12 - -9)) + (-2 - 9)
-32
Calculate 54 + -4 + -3 + 15 + -18 + 5 + -9.
40
(0 + 26 - (302 - 284)) + 2
10
What is the value of -25 + 37 + 50 + -22 - 53?
-13
Calculate (9 - -1) + (14 - (5 + 22)) + 25.
22
What is 9 + (-3 - (1 - 4) - 38) - 1?
-30
What is the value of 12 + -3 - (-19 - (-2 - 9 - -18))?
35
What is the value of 54 - (20 - 110) - 57?
87
What is -60 + (135 - 78 - 52) + (1 - -2) + 1?
-51
Calculate (-73 - 1 - -31) + 2 + 17.
-24
What is the value of -13 + (55 - 22 - -2) + 20?
42
What is 14 + (-59 - 61) + 59?
-47
What is the value of (2 + -3 + 1 - 0) + 22 + -46 + -38?
-62
-15 - (-1 - 3 - (12 - (-2 - -4)))
-1
What is -14 - 1 - (647 - 704)?
42
Evaluate 10 - (13 + -20 - -9 - -39).
-31
4171 + -4235 - (0 - 53)
-11
What is 48 + -116 + 36 + -10 + -40?
-82
(76 - (-86 - -143)) + (48 - 2)
65
What is the value of 37 - 87 - 6 - ((2 - 2) + (9 - 4))?
-61
(-9 - -21) + (-6 - -47) - 4
49
What is (-81 - -2) + -2 + 5 + -30 + 67 + -44?
-83
Evaluate (-2 - (-1 + -34)) + (-4647 - -4642).
28
(68 - (89 + -38)) + -39
-22
What is the value of -2 + 37 - 14 - -13 - 125?
-91
What is the value of -4 - (-9 + 3 + 4 - (45 - 21))?
22
Evaluate 9 + 6 + (-21 - -1) + -85 + 97 + -47.
-40
What is -26 + (-28 + 28 - -44)?
18
11 - ((0 - -14) + -4 + -2) - -2
5
What is the value of -1 + 58 - ((1724 - 1754) + 2 + 13)?
72
Calculate 100 - 70 - -49 - 95.
-16
248 - (22 - -58) - 91 - (0 - 24)
101
3 + (5 + -8 + -5 + 10 - (-26 + -8))
39
Evaluate (41 - 142) + (50 - (-11 - -17)).
-57
What is (-56 - -146) + -50 + -71?
-31
Calculate (39 + (-10 - 13) - 61) + 14.
-31
Evaluate 109 - (-33 - (58 + -107)).
93
199 + -199 - (22 + (-2 - (6 + -4)))
-18
Evaluate ((-4 - -4) + 33 + 12 - 5) + 3 + 9.
52
Evaluate -1 + 21 + -74 + 49.
-5
-60 + 72 + -58 + 2 + 6
-38
What is (1 - 5) + 12 - (-5 + 6 - 20)?
27
What is the value of 1 + -15 + -422 + 454 + 25?
43
What is the value of -13 + -27 + (36 - -59)?
55
What is (686 - 729) + (2 - -16)?
-25
What is the value of (-84 - (14 - 1)) + 148?
51
65 - (3 + (-83 - -12 - -30))
103
What is the value of (0 - -79) + 1728 + -1749?
58
Calculate -3 + -12 + 9 - (-61 - -1) - (9 - 3).
48
Calculate -8 + (-14 - (13 - 19 - -2)) - 8.
-26
17 + (4 - -11) + -7 + (0 - (-2 + -1))
28
Calculate -3 + -2 + 7 - ((34 + -18 - 91) + -21).
98
Evaluate (-310 - -289) + (-5 + 4 - -15).
-7
15 + 1 - (-52 + (81 - -31))
-44
Calculate (-42 - (-16 + -15)) + 33 - (7 + 2).
13
(-222 - -213 - 13) + (18 - -2)
-2
Calculate 53 + (8 - (-11 + 42 + -7 - 3)).
40
0 - 7 - (27 + -33) - (-3 + 13 - -43)
-54
Calculate (-10 - ((-21 - 3 - -6) + 11)) + 20.
17
What is the value of -102 + 79 + 59 + 1 - 47?
-10
What is -10084 - -10067 - (-1 - 76)?
60
Evaluate -412 + 146 - -270 - ((-1 - 0) + -1).
6
116 - (-16 + 33) - (2 + (-4 - -5) + 7)
89
Calculate (10 - (21 + -9 + 43)) + (1 - -13).
-31
Calculate -64 + -12 + (12 - (-8 - -10)).
-66
Calculate -23 + 17 + (-55 + 23 - -48).
10
What is the value of ((6 - (-11 - 1)) + 4 - 3) + 5?
24
Calculate 16 + -77 + (3 - (5 - 2 - 0) - 11).
-72
What is -7 + 8 + (9 - (0 - -14) - (-3 + -6))?
5
Calculate (5 - 37) + 55 + -2 + -4.
17
What is 17 - 2 - (-1151 + 1123)?
43
11074 + -11130 + (-2 - 3)
-61
Calculate -3 + 35 + -170 + -70 + 132.
-76
Evaluate 3 + -31 + -5 + -4 + (-27 - -27).
-37
-15 - 1 - (32 + 11 + 6 + -13)
-52
What is 1 + 66 - (15826 + -15710)?
-49
1 + -1 + (-33 - (-5 - (-1 + 12))) + 8
-9
(21 - (34 + -16)) + (-1 - -14 - 126)
-110
What is the value of -26 + -6 + 100 + -45?
23
What is -80 - -74 - (4 + 12 + -10 + (-2 - -44))?
-54
Calculate -34 + (0 - ((0 - 5) + 3)) + 2.
-30
Calculate 69 + -288 + 35 - -93.
-91
0 + 98 - (-16495 + 16501)
92
What is the value of 3 + -7 + 5 + -3 + -68 - (-399 - -391)?
-62
What is the value of 41 + -26 + 8 - 70?
-47
What is the value of (2 + -24 - (-31 - -12)) + (18 - 0)?
15
What is the value of (-47 - (-93 + 12)) + -1 + -2 + 6?
37
(-2 - 11 - (23 + -31 - -7)) + 62
50
1 + -24 - (-6275 + 6168)
84
Evaluate 132 - (176 - (-85 - -181)).
52
What is 157 - (24 + (-139 - -163))?
109
-1 - (-5 - (8 - 1 - (-3 - -17)))
-3
Evaluate -2 + (-16 - 1) - (-6002 - -5989).
-6
-72 + -2 - ((12 - 12) + 16 + -29)
-61
(-54 - -52) + -14 - ((-5 - -10) + -3)
-18
What is the value of (8 + -16 - 0) + (19 - 14 - -49)?
46
What is the value of 22 + (-33 - -16 - -52) + -15?
42
What is the value of 62 + (-47 + -23 - 17)?
-25
What is the value of (199 + -186 - (0 - 2)) + -19 - -103?
99
What is the value of 4 + (10 - 13) + 23 + -13 + -5?
6
What is 431 + -439 + -3 + (12 - 3) + 55?
53
Calculate -48 - ((-1 - -28) + (-373 - -349)).
-51
Calculate -4 - 20 - 83 - -11.
-96
(-1 - (14 + 1)) + -272 + 269 + 4
-15
Calculate 0 + -13 + 2 + 456 + -441 - -58 - -4.
66
What is the value of (-244 + 142 - (1 + 0)) + (-3 - -5) + 2?
-99
What is ((-17 - 14) + -19 - (12 - 2)) + (13 - 17)?
-64
Calculate (1296 - 1317) + 2 + 11 - 98.
-106
What is -2 + 0 + (-2 - -17) - (-7